{"id":52,"date":"2015-01-03T14:39:41","date_gmt":"2015-01-03T13:39:41","guid":{"rendered":"http:\/\/lernforum.com\/WordPress_02\/?page_id=52"},"modified":"2022-02-01T09:17:38","modified_gmt":"2022-02-01T08:17:38","slug":"konzept","status":"publish","type":"page","link":"http:\/\/lernforum.com\/WordPress_02\/konzept\/","title":{"rendered":"Konzept"},"content":{"rendered":"<p><strong><a href=\"http:\/\/lernforum.com\/WordPress_02\/wp-content\/uploads\/2015\/01\/konzept350Fotolia_68949462_.jpg\"><img loading=\"lazy\" class=\" size-full wp-image-266 alignleft\" src=\"http:\/\/lernforum.com\/WordPress_02\/wp-content\/uploads\/2015\/01\/konzept350Fotolia_68949462_.jpg\" alt=\"konzept350Fotolia_68949462_\" width=\"350\" height=\"233\" srcset=\"http:\/\/lernforum.com\/WordPress_02\/wp-content\/uploads\/2015\/01\/konzept350Fotolia_68949462_.jpg 350w, http:\/\/lernforum.com\/WordPress_02\/wp-content\/uploads\/2015\/01\/konzept350Fotolia_68949462_-300x200.jpg 300w\" sizes=\"(max-width: 350px) 100vw, 350px\" \/><\/a>Ihr Lernerfolg ist unsere Aufgabe und steht im Zentrum unserer Arbeit. Wir m\u00f6chten, dass Sie Ihr pers\u00f6nliches Lernziel mit uns gr\u00fcndlich und ohne Umwege erreichen. Daher wird die Vermittlung von Kenntnissen und F\u00e4higkeiten individuell auf jeden Lernenden zugeschnitten.<\/strong><\/p>\n<p>Das gilt nicht nur in der <strong>Erwachsenenbildung<\/strong>, wo wir Ihnen bedarfs- und praxisgerecht ohne Ballast das vermitteln, was Sie ben\u00f6tigen. Es gilt auch in der <strong>Nachhilfe<\/strong>, wo unsere F\u00f6rderung selbstverst\u00e4ndlich die aktuellen curricularen Standards umfasst. Dabei verfolgen wir einen <strong>dualen Ansatz<\/strong>: Hausaufgabenhilfe und Vorbereitung auf Lernzielkontrollen als <strong>Akuthilfe<\/strong> und gr\u00fcndliche L\u00fcckenschl\u00fcsse als <strong>nachhaltiges Mittel<\/strong> f\u00fcr den Schulerfolg.&nbsp; Auf Wunsch halten wir engen Kontakt zu den Eltern. Sie k\u00f6nnen sich jederzeit \u00fcber den Leistungsstand ihres Kindes informieren.<strong><br \/>\n<\/strong><\/p>\n<h3>Dualer Ansatz in der Nachhilfe<\/h3>\n<p>Wir orientieren uns bei der Nachhilfe am <strong>aktuellen Unterrichtsstoff<\/strong> und greifen das auf, was momentan relevant ist. So beh\u00e4lt der Sch\u00fcler bzw. die Sch\u00fclerin den Anschluss an den Unterricht und kann sich aktiv beteiligen. F\u00fcr Klassenarbeiten und Tests wird ebenfalls gezielt und effektiv gelernt. Erg\u00e4nzend bekommen die Sch\u00fclerinnen und Sch\u00fcler Arbeitsaufgaben und \u00dcbungsmaterial f\u00fcr zu Hause mit.<br \/>\nGleichzeitig wird aber auch an der <strong>Schlie\u00dfung lange bestehender L\u00fccken<\/strong> gearbeitet. In den Oster-, Pfingst-, Herbst- und Winterferien (nach der Zeugnisausgabe) haben wir \u00fcblicherweise ge\u00f6ffnet, und selbst w\u00e4hrend der Sommerferien bieten wir auf speziellen Wunsch Unterricht an. Das Lernen in den Ferien bietet sich f\u00fcr ein besonders intensives Aufarbeiten an: Die Sch\u00fclerinnen und Sch\u00fcler haben den Kopf frei f\u00fcr Lerninhalte. Sie arbeiten entspannt, aber dennoch wirkungsvoll daran, Grundlagenwissen aufzufrischen und bestehende L\u00fccken zu schlie\u00dfen.<br \/>\nDazu binden wir <strong>individuelle Interessen<\/strong> in den Unterricht ein. Lerninhalte werden mit Themen verkn\u00fcpft, die Spa\u00df machen. <strong>Selbst\u00e4ndiger Wissenserwerb<\/strong> ist entscheidend. Denn das legt den Grundstein zu dauerhaftem Erfolg in Schule, Ausbildung und Studium.<br \/>\nAber hinter schlechten Noten stehen oft nicht nur Verst\u00e4ndnisprobleme. Auch Lernblockaden, Konzentrationsschwierigkeiten, Pr\u00fcfungs\u00e4ngste oder mangelnde Selbstorganisation k\u00f6nnen dahinter stecken. Manchmal stimmt auch einfach die <strong>Lernmethode<\/strong> nicht. Hier greifen wir ebenfalls ein und arbeiten konstruktiv an L\u00f6sungsm\u00f6glichkeiten.<\/p>\n<h3>Ma\u00dfgeschneiderte Erwachsenenbildung<\/h3>\n<p>In der <strong>berufsbezogenen Erwachsenenbildung<\/strong>, beispielsweise in den F\u00e4chern Betriebswirtschaftslehre oder Rechnungswesen, wollen sich unsere Kunden Kenntnisse und Fertigkeiten aneignen, die sie <strong>direkt im Beruf<\/strong> oder in ihrer <strong>selbstst\u00e4ndigen T\u00e4tigkeit<\/strong> <strong>anwenden<\/strong> k\u00f6nnen. Wir ermitteln, wo Sie mit Ihrem Vorwissen stehen und kl\u00e4ren welche Lerninhalte Sie ben\u00f6tigen. Gemeinsam mit Ihnen legen wir fest, wie schnell Sie lernen wollen und k\u00f6nnen, und passen daran <strong>die f\u00fcr Sie optimale Unterrichtsform<\/strong> an.<br \/>\nAuch im <strong>Sprachunterricht<\/strong> wird der Unterrichtsinhalt weitgehend auf die Teilnehmenden zugeschnitten. Ihre Vorkenntnisse, W\u00fcnsche und Ziele entscheiden, wie gearbeitet wird. So stellen sich <strong>Erfolgserlebnisse<\/strong> schnell ein. Die Kurse sind methodisch vielseitig und abwechslungsreich gestaltet: Sprechen, H\u00f6ren, Lesen, Schreiben und \u00dcbersetzen \u2013 all das wird auf vielf\u00e4ltige Weise trainiert. Dabei w\u00e4chst der Wortschatz nahezu automatisch mit.<br \/>\nDie Materialien und Themen sind modern und aktuell: Wir verwenden neben Texten auch Spiele, Lieder, kleine Filmausz\u00fcge, Comics, Witze, R\u00e4tsel, Fotos und H\u00f6rspiele. Dabei k\u00f6nnen Sie Ihre sprachlichen F\u00e4higkeiten sofort abrufen, und das Gelernte wird prompt umgesetzt.<\/p>\n","protected":false},"excerpt":{"rendered":"<p>Ihr Lernerfolg ist unsere Aufgabe und steht im Zentrum unserer Arbeit. Wir m\u00f6chten, dass Sie Ihr pers\u00f6nliches Lernziel mit uns gr\u00fcndlich und ohne Umwege erreichen. Daher wird die Vermittlung von Kenntnissen und F\u00e4higkeiten individuell auf &hellip; <a href=\"http:\/\/lernforum.com\/WordPress_02\/konzept\/\">Weiterlesen<\/a><\/p>\n","protected":false},"author":1,"featured_media":0,"parent":0,"menu_order":3,"comment_status":"closed","ping_status":"closed","template":"","meta":[],"_links":{"self":[{"href":"http:\/\/lernforum.com\/WordPress_02\/wp-json\/wp\/v2\/pages\/52"}],"collection":[{"href":"http:\/\/lernforum.com\/WordPress_02\/wp-json\/wp\/v2\/pages"}],"about":[{"href":"http:\/\/lernforum.com\/WordPress_02\/wp-json\/wp\/v2\/types\/page"}],"author":[{"embeddable":true,"href":"http:\/\/lernforum.com\/WordPress_02\/wp-json\/wp\/v2\/users\/1"}],"replies":[{"embeddable":true,"href":"http:\/\/lernforum.com\/WordPress_02\/wp-json\/wp\/v2\/comments?post=52"}],"version-history":[{"count":20,"href":"http:\/\/lernforum.com\/WordPress_02\/wp-json\/wp\/v2\/pages\/52\/revisions"}],"predecessor-version":[{"id":587,"href":"http:\/\/lernforum.com\/WordPress_02\/wp-json\/wp\/v2\/pages\/52\/revisions\/587"}],"wp:attachment":[{"href":"http:\/\/lernforum.com\/WordPress_02\/wp-json\/wp\/v2\/media?parent=52"}],"curies":[{"name":"wp","href":"https:\/\/api.w.org\/{rel}","templated":true}]}}